{"id":1331,"date":"2021-11-26T16:51:38","date_gmt":"2021-11-26T16:51:38","guid":{"rendered":"https:\/\/peruonline.store\/?post_type=product&#038;p=1331"},"modified":"2025-02-24T05:05:56","modified_gmt":"2025-02-24T05:05:56","slug":"camiseta-alianza-lima-alterna-1999","status":"publish","type":"product","link":"https:\/\/peruonline.store\/index.php\/product\/camiseta-alianza-lima-alterna-1999\/","title":{"rendered":"Camiseta Alianza Lima Alterna 1999"},"content":{"rendered":"<p>El a\u00f1o 1999 trabajo buenas y malas noticias para el pueblo blanquiazul. Por un lado, fue el a\u00f1o en el cual se destap\u00f3 el Bombardero de Los Andes y fue vendido al Werder Bremen. Por otro, la familia aliancista sufri\u00f3 la p\u00e9rdida de una de sus piezas m\u00e1s valiosas: Sandro Baylon. Jugador clave y que desde su llegada al club en 1997 demostr\u00f3 ser un caudillo.<\/p>\n","protected":false},"excerpt":{"rendered":"<p>Nos une la pasi\u00f3n, nos define una historia, todos nuestros corazones palpitan con el mismo sentimiento. <strong>Juntos Somos Coraz\u00f3n, Juntos Somos Alianza.<\/strong><\/p>\n","protected":false},"featured_media":1334,"comment_status":"open","ping_status":"closed","template":"","meta":{"spay_email":""},"product_cat":[28,31,55,58],"product_tag":[],"class_list":["post-1331","product","type-product","status-publish","has-post-thumbnail","hentry","product_cat-camisetas","product_cat-clubes","product_cat-nacionales","product_cat-retro"],"_links":{"self":[{"href":"https:\/\/peruonline.store\/index.php\/wp-json\/wp\/v2\/product\/1331","targetHints":{"allow":["GET"]}}],"collection":[{"href":"https:\/\/peruonline.store\/index.php\/wp-json\/wp\/v2\/product"}],"about":[{"href":"https:\/\/peruonline.store\/index.php\/wp-json\/wp\/v2\/types\/product"}],"replies":[{"embeddable":true,"href":"https:\/\/peruonline.store\/index.php\/wp-json\/wp\/v2\/comments?post=1331"}],"wp:featuredmedia":[{"embeddable":true,"href":"https:\/\/peruonline.store\/index.php\/wp-json\/wp\/v2\/media\/1334"}],"wp:attachment":[{"href":"https:\/\/peruonline.store\/index.php\/wp-json\/wp\/v2\/media?parent=1331"}],"wp:term":[{"taxonomy":"product_cat","embeddable":true,"href":"https:\/\/peruonline.store\/index.php\/wp-json\/wp\/v2\/product_cat?post=1331"},{"taxonomy":"product_tag","embeddable":true,"href":"https:\/\/peruonline.store\/index.php\/wp-json\/wp\/v2\/product_tag?post=1331"}],"curies":[{"name":"wp","href":"https:\/\/api.w.org\/{rel}","templated":true}]}}